0 = -4*m + 3*f - 36, f - 1031 = 5*m. Let o = m + 106. Let s = 185 + o. What are the prime factors of s?
2, 3, 7
Let k be -5 + ((-5)/(-2))/((-3)/(-6)). Suppose -97 = 5*p - 3*i - 2084, 4*p - 3*i - 1589 = k. List the prime factors of p.
2, 199
Suppose 71 + 67 = 6*q. Let w(p) = p**3 - 25*p**2 + 52*p + 43. What are the prime factors of w(q)?
181
Suppose 5*g - 4*b - 268709 = 0, 473*g + 5*b = 468*g + 268655. What are the prime factors of g?
17, 29, 109
Suppose -24422 = -4*s + 2*m, 24413 = 115*s - 111*s - 5*m. What are the prime factors of s?
31, 197
Let z = 71 + -68. Suppose -z*d - 1080 = -13*d. Suppose -s = -106 - d. What are the prime factors of s?
2, 107
Let x = 2680 - 870. Suppose -6*k = -x - 728. List the prime factors of k.
3, 47
Suppose 0 = -2*z - 5 + 9. List the prime factors of (-318)/(-265)*(1748/6 + z).
2, 11
What are the prime factors of (1299 - (9 - 3))*(-6)/(-9)?
2, 431
Let q = 1105 + -375. Let s = q + 211. What are the prime factors of s?
941
Suppose -5*h - 5 = -3*u + 5*u, -3*u + 4*h + 27 = 0. List the prime factors of 869 - (-12)/((-15)/u).
5, 173
List the prime factors of (-2269)/3*(-6)/(-4)*616/(-28).
11, 2269
Suppose o + 3755 = -2*s + 12656, -4*o + 22257 = 5*s. What are the prime factors of s?
3, 1483
Suppose 5*z = 5*d - 45, -3*z = z. Let v = d + -6. Suppose -5*g - y + 428 = 83, v*g + 4*y - 190 = 0. What are the prime factors of g?
2, 5, 7
Let m(i) = -i**3 + 28*i**2 + 30*i - 24. Let t be m(29). List the prime factors of 99 - (t + -21)/(-2).
7, 13
Let k(u) = 10923*u**2 - 85*u + 174. List the prime factors of k(2).
2, 2731
Let w(j) be the first derivative of -j**3/3 + j**2 + 708*j - 65. What are the prime factors of w(0)?
2, 3, 59
Let t(i) = -2*i - 20. Let d be t(-13). Suppose d*v = 17*v - 33. What are the prime factors of 0 - -55 - (0/v)/(-4)?
5, 11
Suppose -6*z = -10*z - 8*z + 226416. List the prime factors of z.
2, 53, 89
Let n = 774 - 672. List the prime factors of (-2225)/(-2) - (-153)/n.
2, 557
Suppose -5*h = 2*h - 3*h. Suppose -7*o + 0 + 21 = h. Suppose 8*p + 497 = 3*x + o*p, 0 = 4*x - 4*p - 668. What are the prime factors of x?
13
Let p = 13528 + -2780. What are the prime factors of p?
2, 2687
Suppose 0 = -61*p - 390020 + 5919975. What are the prime factors of p?
5, 18131
Suppose 3*s - 54330 = 94*g - 97*g, 36185 = 2*s - 3*g. List the prime factors of s.
43, 421
Let d be ((-13188)/(-105))/((-3)/((-30)/4)). Suppose 2*a = -7 - 1, 5*l - d = a. What are the prime factors of l?
2, 31
Suppose -49783 = -5*h - 4*x + 59625, -2*x = 4*h - 87530. List the prime factors of h.
2, 5471
Let c be (-9 - (-15 - -8))/((-1)/283). Let n = 1014 - c. List the prime factors of n.
2, 7
Let y(b) = 7*b**2 - 61*b - 6. List the prime factors of y(10).
2, 3, 7
Let g(n) be the first derivative of -n**4/4 - n**3/3 - 2*n**2 - 4*n + 13. Let d be g(-1). Suppose d = -5*q - 2*q + 847. What are the prime factors of q?
11
Let f(w) = w**2 - 11*w + 142. Let y(v) = v**2 + 15*v - 42. Let z be y(4). What are the prime factors of f(z)?
2, 3, 7, 11
Let r(p) = 11*p**2 + p + 26. Let o be r(11). Suppose -12*s + o = -3504. List the prime factors of s.
2, 7, 29
Suppose -472 = -4*q + 288. Suppose q*g = 192*g. List the prime factors of (g + 0 - 4) + (-284)/(-2).
2, 3, 23
Suppose o - 5*k - 91309 = 0, -3*o + 429396 = 2*k + 155605. What are the prime factors of o?
3, 10141
Let y(z) = -z**3 - 44*z**2 - 140*z - 221. List the prime factors of y(-54).
17, 19, 113
Let u = 325 + -323. Suppose 0 = 3*t + t - h - 1025, h = u*t - 515. What are the prime factors of t?
3, 5, 17
Suppose -b + q = 47, -2*b + 78 - 193 = 5*q. Let k = b + 142. Suppose -f = f - 3*u - 212, -f - 2*u + k = 0. List the prime factors of f.
2, 5
Let q = 41 - 49. Let m be 4/18 + ((-232)/72 - q). Suppose -1114 = -m*a + 2*s, 233 = a + s + 2*s. List the prime factors of a.
2, 7
Suppose 32*u - o = 31*u + 36473, -182350 = -5*u + 2*o. List the prime factors of u.
2, 3, 1013
Suppose 0 = -5*s - d + 25023, 5 = d + 7. Suppose -2569 - s = -7*z. What are the prime factors of z?
2, 541
Suppose 3*i - 144 = -3*r, -5*r + 0*i - 3*i + 244 = 0. Let o = 128 - r. Suppose -w = x - o, 5*w - 408 = -0*x + x. What are the prime factors of w?
3
Let h = 103792 - 69983. List the prime factors of h.
33809
Let j(i) = -4*i**2 - 20*i - 34. Let h(s) = 11*s**2 + 62*s + 101. Let m(p) = -6*h(p) - 17*j(p). List the prime factors of m(29).
2, 3, 11
Suppose -28859 = -18*f - 14859 + 35374. List the prime factors of f.
13, 211
Suppose 0 = -2*i + 3*i - 4*t - 36, -2*i + 3*t = -67. List the prime factors of (-134)/(-8 - (-248)/i).
2, 67
Suppose -28*r - 22*r - 31148 = -351698. List the prime factors of r.
3, 2137
Let w be 6 + -4 - (3 - (450 - 0)). Suppose 2*i - w = 5*r, -4*i + 2*r + 886 = 4*r. List the prime factors of i + 1 + (1 - -1).
3, 5
Suppose 3*o + 5*s = 60611, -4*s - 60656 = -8*o + 5*o. What are the prime factors of o?
2, 31, 163
Suppose -5*x = 5*r - 179405, 26*r - 25*r = 12*x - 430468. List the prime factors of x.
29, 1237
Let l(a) = 954*a - 38. What are the prime factors of l(25)?
2, 5953
Let m(h) = 4*h**2 + 8*h - 2. Let r be m(-8). Let w be 550/r - (-4)/38. Suppose 0 = -3*u - p + 151 - 24, 0 = u - w*p - 29. List the prime factors of u.
41
Suppose 1167*f + 20 = 1172*f. Let x(t) = 228*t + 270. List the prime factors of x(f).
2, 3, 197
Let r = 94 - 40. Let v = 2598 + -2613. Let c = r + v. What are the prime factors of c?
3, 13
Suppose -3012*l = -2987*l - 164125. List the prime factors of l.
5, 13, 101
Let n(h) = -1503*h + 639. What are the prime factors of n(-16)?
3, 13, 211
Suppose 13*t = 17*t + 1952. Suppose -4*m + 2818 = -11*u + 12*u, 710 = m + 3*u. Let a = t + m. List the prime factors of a.
2, 3
Suppose -k + 2*z = -2*z - 19442, -5*k + 97312 = -3*z. List the prime factors of k.
2, 9733
Let b(v) = -5*v**3 - v**2 + 6*v + 6. Let o be b(-4). Let h = o + 493. What are the prime factors of h?
19, 41
Let g(n) = -3*n + 128. Let w be g(31). Let r(p) = 13*p + 76. What are the prime factors of r(w)?
3, 59
Let p be 15 + 12*6/18 - -2. Let h(s) = 2*s**3 - 2*s**2 + 7*s - 6. Let c be h(6). What are the prime factors of (c/21)/(3/p)?
2, 3, 11
Suppose -888*z - 21808 = -865*z - 187017. List the prime factors of z.
11, 653
Suppose l = 3*p + 27, 5*l + p - 19 = 3*l. Let f be (-3)/9 - 8/l. List the prime factors of -1 + (-2 - -84) - (-3)/f.
2, 3, 13
Let z(g) = -g + 4. Let x be (-1)/(-4) - (-231)/(-44). Let o be z(x). What are the prime factors of 3/o + (-170)/(-3)?
3, 19
Suppose -5*j - 3*n + 6*n = -75, 5*n - 79 = -3*j. Suppose 11*q = 35*q. Suppose -2*f - j + 178 = q. What are the prime factors of f?
2, 5
Let v(t) = -2*t + 56 + t + 5*t + 0*t. Let l be v(-14). Suppose l = 3*s - x - 167, 0*x - 2*x = 5*s - 271. List the prime factors of s.
5, 11
Let z be (-3)/(-4) + 8885/20. Suppose -48*v - z = -53*v. Let b = -44 + v. List the prime factors of b.
3, 5
Let v = 68501 - 30384. What are the prime factors of v?
47, 811
Let j(y) = y**3 - y**2 - 5*y + 268. Suppose 12*a - 8*a = 0. What are the prime factors of j(a)?
2, 67
Suppose 8*z - 788 = 4*z. Let b = -70 + -2. Let k = b + z. What are the prime factors of k?
5
Let q = 10431 - -63419. Suppose 71*y - y = q. What are the prime factors of y?
5, 211
List the prime factors of 12/(-78) - ((-578174)/78 + (-18)/27).
3, 7, 353
Let o = -1900 - -820. Let i = -273 - o. What are the prime factors of i?
3, 269
What are the prime factors of 8 + 7 + 25582 + -5 + 19?
3, 8537
Let f(y) = 40*y - 37. Let x(m) = 19*m**2 - 1. Let h be x(1). List the prime factors of f(h).
683
Suppose -4 - 71 = 3*u. Let q = 25 + u. Suppose 2*s + 2*s - 136 = q. What are the prime factors of s?
2, 17
List the prime factors of -3*2 - (2 - 1)/(5/(-32875)).
6569
Let b be 15/6*-2*(-29 + 2). List the prime factors of (352/(-20))/((-9)/b).
2, 3, 11
Suppose 22308 = k - 99*j + 98*j, 2*k = -4*j + 44640. List the prime factors of k.
2, 2789
Let o(a) = -1549*a + 1289. What are the prime factors of o(-8)?
13681
Suppose k + 2 = z, -3*k + 4*k = -4*z - 12. Let l be 12/k - 111/(-3). Let i = 72 + l. What are the prime factors of i?
2, 53
Let k be ((-15)/4)/(12*(-21)/672). Let z be -7*(-3 + 2 + 0). Suppose 4*m - z*m + f = -280, -k = -5*f. What are the prime factors of m?
2, 47
Suppose 6*y = 180 + 222. Let l = 291 - y. List the prime factors of l.
2, 7
Let j(h) = -701*h + 2. Let x be j(-1). Let r